the greatest common divisor of 50299 and 843?
281
What is the highest common divisor of 57 and 2471862?
57
Calculate the greatest common divisor of 16354 and 492388.
442
What is the highest common factor of 23408 and 1408?
176
Calculate the highest common factor of 60 and 608796.
12
Calculate the highest common factor of 7663 and 3686.
97
What is the greatest common divisor of 207 and 1564782?
69
What is the greatest common factor of 517707 and 549?
549
What is the highest common divisor of 29900 and 4416?
92
What is the highest common divisor of 1216 and 29336?
152
What is the highest common factor of 705 and 602634?
141
What is the highest common factor of 68512 and 1312?
32
Calculate the greatest common factor of 4200 and 1778280.
840
Calculate the highest common divisor of 6516774 and 212.
106
Calculate the highest common factor of 135788 and 581.
83
Calculate the highest common divisor of 9361 and 8362.
37
Calculate the highest common divisor of 90 and 167832.
18
Calculate the greatest common divisor of 4096 and 88.
8
What is the highest common divisor of 48314 and 187?
17
Calculate the greatest common divisor of 9899 and 6973.
19
What is the highest common factor of 567 and 3148173?
189
What is the highest common factor of 406 and 291769?
29
What is the highest common divisor of 143709 and 6?
3
Calculate the greatest common factor of 94923 and 21942.
477
Calculate the highest common divisor of 174845 and 275.
55
Calculate the greatest common factor of 93927 and 393.
393
What is the greatest common divisor of 32 and 19808?
32
What is the highest common divisor of 7488 and 24232?
104
What is the greatest common divisor of 1120 and 5705?
35
Calculate the highest common divisor of 5410652 and 156.
52
Calculate the greatest common factor of 31840 and 544.
32
Calculate the greatest common divisor of 136 and 11356.
68
What is the greatest common divisor of 61420 and 10375?
415
What is the highest common divisor of 1376 and 34016?
32
What is the greatest common divisor of 20 and 115910?
10
Calculate the greatest common factor of 42 and 62517.
21
What is the greatest common divisor of 840 and 33432?
168
What is the greatest common factor of 652652 and 231?
77
What is the greatest common divisor of 40902 and 174?
6
Calculate the greatest common factor of 60 and 243690.
30
What is the greatest common divisor of 11652 and 60?
12
What is the greatest common factor of 4563 and 845?
169
What is the highest common divisor of 306 and 5309559?
153
Calculate the highest common factor of 390 and 25610.
130
What is the greatest common factor of 119329 and 21?
7
Calculate the highest common divisor of 900 and 46050.
150
What is the greatest common divisor of 24735 and 4845?
255
What is the greatest common factor of 6931 and 174?
29
Calculate the highest common factor of 70 and 93640.
10
Calculate the highest common factor of 53170 and 520.
130
Calculate the greatest common factor of 7979 and 20705.
101
What is the greatest common factor of 128384 and 34?
34
Calculate the greatest common divisor of 914485 and 195.
65
What is the greatest common factor of 427 and 91?
7
What is the greatest common factor of 126 and 496818?
126
What is the highest common factor of 303 and 632664?
303
What is the highest common factor of 32 and 11552?
32
Calculate the highest common divisor of 1840 and 25.
5
Calculate the greatest common divisor of 5323 and 3.
1
What is the greatest common factor of 8154 and 170479?
151
Calculate the highest common divisor of 1505339 and 11.
11
Calculate the greatest common divisor of 27 and 303519.
3
What is the greatest common factor of 52921 and 1375?
11
What is the highest common factor of 11313 and 12816?
9
Calculate the highest common divisor of 43744 and 64.
32
What is the greatest common divisor of 129519 and 246?
123
Calculate the greatest common divisor of 374 and 80674.
22
What is the greatest common factor of 2375 and 98375?
125
What is the highest common divisor of 724 and 655763?
181
Calculate the highest common factor of 150 and 273450.
150
What is the greatest common factor of 340 and 983620?
340
What is the greatest common divisor of 19415772 and 179?
179
What is the greatest common factor of 361 and 202597?
19
What is the highest common divisor of 26208 and 156?
156
Calculate the highest common divisor of 231372 and 3348.
36
What is the greatest common factor of 1216 and 8398?
38
What is the greatest common factor of 42 and 248619?
21
Calculate the greatest common divisor of 6008 and 9.
1
What is the highest common divisor of 54 and 4073796?
18
What is the greatest common divisor of 49269 and 121?
11
Calculate the greatest common factor of 62829 and 312.
39
What is the greatest common divisor of 39633 and 33?
33
Calculate the greatest common factor of 4000 and 2176.
32
Calculate the greatest common factor of 21735 and 70.
35
Calculate the highest common divisor of 26 and 65364.
26
Calculate the highest common factor of 196108 and 308.
44
Calculate the highest common divisor of 208632 and 888.
24
What is the highest common factor of 70 and 10060?
10
What is the highest common factor of 582 and 5178?
6
What is the highest common divisor of 4 and 24250?
2
Calculate the greatest common divisor of 58 and 8642.
58
Calculate the greatest common factor of 240426 and 1036.
74
Calculate the greatest common divisor of 412 and 34093.
103
Calculate the highest common divisor of 6607956 and 24.
12
What is the highest common factor of 2964 and 7644?
156
Calculate the greatest common divisor of 3 and 232116.
3
What is the highest common divisor of 37904 and 32?
16
What is the greatest common divisor of 214 and 33274?
2
What is the greatest common divisor of 326269 and 509?
509
Calculate the highest common factor of 3700 and 67500.
100
What is the greatest common factor of 5077772 and 4116?
1372
What is the highest common divisor of 484569 and 393?
393
What is the highest common factor of 1251 and 34173?
9
What is the greatest common factor of 7 and 8930?
1
What is the highest common divisor of 33 and 3157?
11
What is the highest common divisor of 13596 and 47388?
132
Calculate the highest common factor of 110880 and 4770.
90
Calculate the greatest common factor of 396 and 47718.
198
What is the highest common factor of 90694 and 3641?
331
What is the greatest common factor of 9032 and 17624?
8
Calculate the highest common factor of 85952 and 153.
17
What is the greatest common divisor of 29795 and 404?
101
Calculate the highest common divisor of 1914 and 50982.
174
Calculate the highest common factor of 740 and 3260.
20
Calculate the highest common factor of 2972 and 572.
4
What is the highest common factor of 35061 and 213063?
2697
What is the greatest common divisor of 43112 and 119?
17
What is the highest common divisor of 288 and 252576?
288
What is the greatest common factor of 100 and 902175?
25
What is the greatest common divisor of 2244 and 780351?
561
What is the highest common factor of 234179 and 2684?
671
What is the highest common factor of 144 and 344832?
48
What is the greatest common factor of 1391 and 535?
107
What is the greatest common factor of 32 and 60016?
16
Calculate the highest common factor of 66 and 896214.
66
What is the highest common divisor of 46 and 145682?
46
Calculate the greatest common factor of 2080 and 124488.
104
Calculate the greatest common divisor of 170885 and 33.
11
Calculate the greatest common factor of 2436 and 542619.
609
What is the greatest common factor of 10 and 741830?
10
Calculate the greatest common divisor of 7410 and 138060.
390
Calculate the highest common factor of 49202 and 2482.
146
Calculate the highest common divisor of 84456 and 432.
216
What is the greatest common divisor of 352 and 9416?
88
What is the highest common factor of 75 and 111405?
15
What is the greatest common divisor of 3822 and 15582?
294
Calculate the greatest common divisor of 94965 and 281973.
1461
What is the highest common divisor of 29 and 1570031?
29
What is the greatest common divisor of 958 and 1185046?
958
What is the highest common divisor of 8 and 253636?
4
Calculate the greatest common divisor of 25749 and 2637.
9
What is the greatest common divisor of 97911 and 297?
99
Calculate the highest common 